{"id":341,"date":"2017-12-06T06:47:53","date_gmt":"2017-12-06T06:47:53","guid":{"rendered":"http:\/\/cityofmercy.lt\/?page_id=341"},"modified":"2021-09-17T12:16:14","modified_gmt":"2021-09-17T09:16:14","slug":"vilniaus-sv-dvasios-dominikonu-baznycia","status":"publish","type":"page","link":"https:\/\/cityofmercy.lt\/pl_PL\/objektai\/vilniaus-sv-dvasios-dominikonu-baznycia\/","title":{"rendered":"Ko\u015bci\u00f3\u0142 \u015awi\u0119tego Ducha (Dominikan\u00f3w)"},"content":{"rendered":"[vc_row type=&#8221;in_container&#8221; full_screen_row_position=&#8221;middle&#8221; scene_position=&#8221;center&#8221; text_color=&#8221;dark&#8221; text_align=&#8221;left&#8221; overlay_strength=&#8221;0.3&#8243; shape_divider_position=&#8221;bottom&#8221;][vc_column centered_text=&#8221;true&#8221; column_padding=&#8221;no-extra-padding&#8221; column_padding_position=&#8221;all&#8221; background_color_opacity=&#8221;1&#8243; background_hover_color_opacity=&#8221;1&#8243; column_shadow=&#8221;none&#8221; column_border_radius=&#8221;none&#8221; width=&#8221;1\/1&#8243; tablet_text_alignment=&#8221;default&#8221; phone_text_alignment=&#8221;default&#8221; column_border_width=&#8221;none&#8221; column_border_style=&#8221;solid&#8221;][vc_column_text]\n<h4><strong>Ko\u015bci\u00f3\u0142 \u015awi\u0119tego Ducha (Dominikan\u00f3w)<\/strong><\/h4>\n[\/vc_column_text]<div class=\"divider-wrap\"><div style=\"margin-top: 25px; height: 1px; margin-bottom: 25px;\" data-width=\"100%\" data-animate=\"\" data-animation-delay=\"\" data-color=\"default\" class=\"divider-border\"><\/div><\/div>[\/vc_column][\/vc_row][vc_row type=&#8221;in_container&#8221; full_screen_row_position=&#8221;middle&#8221; scene_position=&#8221;center&#8221; text_color=&#8221;dark&#8221; text_align=&#8221;left&#8221; overlay_strength=&#8221;0.3&#8243; shape_divider_position=&#8221;bottom&#8221;][vc_column column_padding=&#8221;no-extra-padding&#8221; column_padding_position=&#8221;all&#8221; background_color_opacity=&#8221;1&#8243; background_hover_color_opacity=&#8221;1&#8243; column_shadow=&#8221;none&#8221; column_border_radius=&#8221;none&#8221; width=&#8221;1\/1&#8243; tablet_text_alignment=&#8221;default&#8221; phone_text_alignment=&#8221;default&#8221; column_border_width=&#8221;none&#8221; column_border_style=&#8221;solid&#8221;][vc_row_inner column_margin=&#8221;default&#8221; text_align=&#8221;left&#8221;][vc_column_inner column_padding=&#8221;no-extra-padding&#8221; column_padding_position=&#8221;all&#8221; background_color_opacity=&#8221;1&#8243; background_hover_color_opacity=&#8221;1&#8243; column_shadow=&#8221;none&#8221; column_border_radius=&#8221;none&#8221; width=&#8221;1\/2&#8243; column_border_width=&#8221;none&#8221; column_border_style=&#8221;solid&#8221;][nectar_video_lightbox link_style=&#8221;play_button_2&#8243; nectar_play_button_color=&#8221;Default-Accent-Color&#8221; image_url=&#8221;541&#8243; hover_effect=&#8221;defaut&#8221; box_shadow=&#8221;none&#8221; border_radius=&#8221;none&#8221; play_button_size=&#8221;default&#8221; video_url=&#8221;https:\/\/www.youtube.com\/watch?v=2rZz25Swq6I&#8221;]<div class=\"divider-wrap\"><div style=\"height: 20px;\" class=\"divider\"><\/div><\/div>[vc_column_text]<strong>Ko\u015bci\u00f3\u0142 zalicza si\u0119 do<\/strong> <a href=\"https:\/\/cityofmercy.lt\/pl_PL\/marsrutai\/gailestingumo-kelias\/\">Szlaku Bo\u017cego Mi\u0142osierdzia<\/a> i <a href=\"https:\/\/cityofmercy.lt\/pl_PL\/marsrutai\/dominikonai-vilniuje\/\">Szlaku Dominika\u0144skiego w Wilnie.<\/a>[\/vc_column_text]<div class=\"divider-wrap\"><div style=\"height: 20px;\" class=\"divider\"><\/div><\/div>[vc_column_text]\n<p style=\"text-align: justify;\">W 1951 r. p\u0142\u00f3tno Obrazu Jezusa Mi\u0142osiernego zosta\u0142o przekazane z zamkni\u0119tego Ko\u015bcio\u0142a \u015bw. Micha\u0142a\u00a0proboszczowi Ko\u015bcio\u0142a \u015awi\u0119tego Ducha w Wilnie, jednak obraz nie zosta\u0142 wystawiony na publiczn\u0105\u00a0cze\u015b\u0107. W 1956 r. proboszcz parafii w Nowej Rudzie, znaj\u0105c histori\u0119 pojawienia si\u0119 Obrazu, przewi\u00f3z\u0142\u00a0go do Ko\u015bcio\u0142a w Nowej Rudzie niedaleko Grodna. Jednak po zamkni\u0119ciu tej \u015bwi\u0105tyni dzi\u0119ki trosce\u00a0kilku ksi\u0119\u017cy, Obraz zosta\u0142 potajemnie zwr\u00f3cony Ko\u015bcio\u0142owi \u015awi\u0119tego Ducha w 1986 r. Tu by\u0142 czczony\u00a0do 2005 r., do czasu kiedy zosta\u0142 przeniesiony do znajduj\u0105cego si\u0119 obok uporz\u0105dkowanego Ko\u015bcio\u0142a\u00a0p.w. Tr\u00f3jcy Przenaj\u015bwi\u0119tszej, kt\u00f3remu nadano tytu\u0142 Sanktuarium Mi\u0142osierdzia Bo\u017cego.<\/p>\n<p style=\"text-align: justify;\">Przypuszcza si\u0119, \u017ce pierwszy gotycki Ko\u015bci\u00f3\u0142 sta\u0142 w tym miejscu ju\u017c za czas\u00f3w Wielkiego Ksi\u0119cia\u00a0Litewskiego Giedymina, zosta\u0142 jednak zburzony przez Krzy\u017cak\u00f3w. W 1408 r. Witold Wielki wzni\u00f3s\u0142\u00a0nowy Ko\u015bci\u00f3\u0142, kt\u00f3ry na pocz\u0105tku XVI w., z inicjatywy Wielkiego Ksi\u0119cia Litewskiego i kr\u00f3la polskiego\u00a0Aleksandra, zosta\u0142 przekazany Zakonowi Dominikan\u00f3w.<\/p>\n<p style=\"text-align: justify;\">W XVII w. Ko\u015bci\u00f3\u0142 zrekonstruowano po kilku po\u017carach i dzisiaj ma charakter p\u00f3\u017anego baroku. Wn\u0119trze\u00a0w stylu rokoko uznawane jest za jedno z najcenniejszych wn\u0119trz Ko\u015bcio\u0142\u00f3w litewskich. Ko\u015bci\u00f3\u0142 s\u0142ynie\u00a0tak\u017ce z niemal w pe\u0142ni oryginalnie zachowanych organ\u00f3w z XVIII w., szesnastu o\u0142tarzy i podziemi, w\u00a0kt\u00f3rych w ci\u0105gu stuleci chowano mieszka\u0144c\u00f3w miasta, ofiary pomoru i innych epidemii, \u017co\u0142nierzy\u00a0armii Napoleona. Po powstaniach w XIX w. w zamkni\u0119tym przez w\u0142adze carskie klasztorze utworzono\u00a0magistraty, mieszkania i wi\u0119zienia, tajne instytucje dzia\u0142aj\u0105ce na rzecz przemys\u0142u wojennego.<\/p>\n<p style=\"text-align: justify;\">W 1993 r. \u015bw. Jan Pawe\u0142 II podczas wizyty na Litwie modli\u0142 si\u0119 w tym Ko\u015bciele przy Obrazie Jezusa\u00a0Mi\u0142osiernego i spotka\u0142 si\u0119 z Litwinami pochodzenia polskiego oraz polskimi katolikami z Litwy\u00a0(przy wej\u015bciu do Ko\u015bcio\u0142a widnieje tablica upami\u0119tniaj\u0105ca t\u0119 wizyt\u0119). W 2015 r. Arcybiskup\u00a0Metropolita Krakowski kardyna\u0142 Stanis\u0142aw Dziwisz podarowa\u0142 parafii relikwie z krwi\u0105\u00a0\u015bw. Jana Paw\u0142a II. Relikwiarz z niezmiernie cenn\u0105 dla parafian relikwi\u0105 zosta\u0142 wkomponowany w\u00a0o\u0142tarz \u015bw. Jana Paw\u0142a II w prawej nawie Ko\u015bcio\u0142a.<\/p>\n[\/vc_column_text][\/vc_column_inner][vc_column_inner column_padding=&#8221;no-extra-padding&#8221; column_padding_position=&#8221;all&#8221; background_color_opacity=&#8221;1&#8243; background_hover_color_opacity=&#8221;1&#8243; column_shadow=&#8221;none&#8221; column_border_radius=&#8221;none&#8221; width=&#8221;1\/2&#8243; column_border_width=&#8221;none&#8221; column_border_style=&#8221;solid&#8221;]<div class=\"iwithtext\"><div class=\"iwt-icon\"> <i class=\"icon-default-style icon-map-marker accent-color\"><\/i> <\/div><div class=\"iwt-text\"> <a href=\"https:\/\/www.google.com\/maps\/place\/Dominikon\u0173+g.+8,+Vilnius+01131\/@54.6811651,25.2821212,17z\/data=!3m1!4b1!4m5!3m4!1s0x46dd941415919451:0x448c9a831d457ba6!8m2!3d54.681162!4d25.2843099\" target=\"_blank\" rel=\"noopener\">ul. Dominikon\u0173 8, Wilno<\/a> <\/div><div class=\"clear\"><\/div><\/div><div class=\"iwithtext\"><div class=\"iwt-icon\"> <i class=\"icon-default-style icon-time accent-color\"><\/i> <\/div><div class=\"iwt-text\"> <strong>Ko\u015bci\u00f3\u0142 czynny<\/strong><br \/>\nI\u2013V: 10.00\u201319.00<br \/>\nVI: 9.00\u201317.00<br \/>\nVII: 6.30\u201317.00 <\/div><div class=\"clear\"><\/div><\/div><div class=\"iwithtext\"><div class=\"iwt-icon\"> <img decoding=\"async\" src=\"https:\/\/cityofmercy.lt\/wp-content\/uploads\/2017\/12\/taurinis.png\" alt=\"\" \/> <\/div><div class=\"iwt-text\"> <strong>Msza \u015bwi\u0119ta (j. polski)<\/strong><br \/>\nI\u2013V: 15.00, 18.00<br \/>\nVI: 15.00<br \/>\nVII: 8.00, 9.00 (dla dzieci), 10.30, 12.00 (dla m\u0142odzie\u017cy), 13.30, 18.00 <\/div><div class=\"clear\"><\/div><\/div>[\/vc_column_inner][\/vc_row_inner][\/vc_column][\/vc_row][vc_row type=&#8221;in_container&#8221; full_screen_row_position=&#8221;middle&#8221; scene_position=&#8221;center&#8221; text_color=&#8221;dark&#8221; text_align=&#8221;left&#8221; overlay_strength=&#8221;0.3&#8243; shape_divider_position=&#8221;bottom&#8221;][vc_column column_padding=&#8221;no-extra-padding&#8221; column_padding_position=&#8221;all&#8221; background_color_opacity=&#8221;1&#8243; background_hover_color_opacity=&#8221;1&#8243; column_shadow=&#8221;none&#8221; column_border_radius=&#8221;none&#8221; width=&#8221;1\/1&#8243; tablet_text_alignment=&#8221;default&#8221; phone_text_alignment=&#8221;default&#8221; column_border_width=&#8221;none&#8221; column_border_style=&#8221;solid&#8221;]<div class=\"divider-wrap\"><div style=\"height: 200px;\" class=\"divider\"><\/div><\/div>[\/vc_column][\/vc_row]\n","protected":false},"excerpt":{"rendered":"<p>[vc_row type=&#8221;in_container&#8221; full_screen_row_position=&#8221;middle&#8221; scene_position=&#8221;center&#8221; text_color=&#8221;dark&#8221; text_align=&#8221;left&#8221; overlay_strength=&#8221;0.3&#8243; shape_divider_position=&#8221;bottom&#8221;][vc_column centered_text=&#8221;true&#8221; column_padding=&#8221;no-extra-padding&#8221; column_&#8230;<\/p>\n","protected":false},"author":2,"featured_media":541,"parent":38,"menu_order":0,"comment_status":"closed","ping_status":"closed","template":"","meta":{"footnotes":""},"class_list":["post-341","page","type-page","status-publish","has-post-thumbnail","hentry"],"_links":{"self":[{"href":"https:\/\/cityofmercy.lt\/pl_PL\/wp-json\/wp\/v2\/pages\/341","targetHints":{"allow":["GET"]}}],"collection":[{"href":"https:\/\/cityofmercy.lt\/pl_PL\/wp-json\/wp\/v2\/pages"}],"about":[{"href":"https:\/\/cityofmercy.lt\/pl_PL\/wp-json\/wp\/v2\/types\/page"}],"author":[{"embeddable":true,"href":"https:\/\/cityofmercy.lt\/pl_PL\/wp-json\/wp\/v2\/users\/2"}],"replies":[{"embeddable":true,"href":"https:\/\/cityofmercy.lt\/pl_PL\/wp-json\/wp\/v2\/comments?post=341"}],"version-history":[{"count":52,"href":"https:\/\/cityofmercy.lt\/pl_PL\/wp-json\/wp\/v2\/pages\/341\/revisions"}],"predecessor-version":[{"id":7060,"href":"https:\/\/cityofmercy.lt\/pl_PL\/wp-json\/wp\/v2\/pages\/341\/revisions\/7060"}],"up":[{"embeddable":true,"href":"https:\/\/cityofmercy.lt\/pl_PL\/wp-json\/wp\/v2\/pages\/38"}],"wp:featuredmedia":[{"embeddable":true,"href":"https:\/\/cityofmercy.lt\/pl_PL\/wp-json\/wp\/v2\/media\/541"}],"wp:attachment":[{"href":"https:\/\/cityofmercy.lt\/pl_PL\/wp-json\/wp\/v2\/media?parent=341"}],"curies":[{"name":"wp","href":"https:\/\/api.w.org\/{rel}","templated":true}]}}

Kościół Świętego Ducha (Dominikanów)

[vc_row type=&#8221;in_container&#8221; full_screen_row_position=&#8221;middle&#8221; scene_position=&#8221;center&#8221; text_color=&#8221;dark&#8221; text_align=&#8221;left&#8221; overlay_strength=&#8221;0.3&#8243; shape_divider_position=&#8221;bottom&#8221;][vc_column centered_text=&#8221;true&#8221; column_padding=&#8221;no-extra-padding&#8221; column_padding_position=&#8221;all&#8221; background_color_opacity=&#8221;1&#8243; background_hover_color_opacity=&#8221;1&#8243; column_shadow=&#8221;none&#8221; column_border_radius=&#8221;none&#8221; width=&#8221;1/1&#8243; tablet_text_alignment=&#8221;default&#8221; phone_text_alignment=&#8221;default&#8221; column_border_width=&#8221;none&#8221; column_border_style=&#8221;solid&#8221;][vc_column_text]
<h4><strong>Kościół Świętego Ducha (Dominikanów)</strong></h4>
[/vc_column_text]<div class="divider-wrap"><div style="margin-top: 25px; height: 1px; margin-bottom: 25px;" data-width="100%" data-animate="" data-animation-delay="" data-color="default" class="divider-border"></div></div>[/vc_column][/vc_row][vc_row type=&#8221;in_container&#8221; full_screen_row_position=&#8221;middle&#8221; scene_position=&#8221;center&#8221; text_color=&#8221;dark&#8221; text_align=&#8221;left&#8221; overlay_strength=&#8221;0.3&#8243; shape_divider_position=&#8221;bottom&#8221;][vc_column column_padding=&#8221;no-extra-padding&#8221; column_padding_position=&#8221;all&#8221; background_color_opacity=&#8221;1&#8243; background_hover_color_opacity=&#8221;1&#8243; column_shadow=&#8221;none&#8221; column_border_radius=&#8221;none&#8221; width=&#8221;1/1&#8243; tablet_text_alignment=&#8221;default&#8221; phone_text_alignment=&#8221;default&#8221; column_border_width=&#8221;none&#8221; column_border_style=&#8221;solid&#8221;][vc_row_inner column_margin=&#8221;default&#8221; text_align=&#8221;left&#8221;][vc_column_inner column_padding=&#8221;no-extra-padding&#8221; column_padding_position=&#8221;all&#8221; background_color_opacity=&#8221;1&#8243; background_hover_color_opacity=&#8221;1&#8243; column_shadow=&#8221;none&#8221; column_border_radius=&#8221;none&#8221; width=&#8221;1/2&#8243; column_border_width=&#8221;none&#8221; column_border_style=&#8221;solid&#8221;][nectar_video_lightbox link_style=&#8221;play_button_2&#8243; nectar_play_button_color=&#8221;Default-Accent-Color&#8221; image_url=&#8221;541&#8243; hover_effect=&#8221;defaut&#8221; box_shadow=&#8221;none&#8221; border_radius=&#8221;none&#8221; play_button_size=&#8221;default&#8221; video_url=&#8221;https://www.youtube.com/watch?v=2rZz25Swq6I&#8221;]<div class="divider-wrap"><div style="height: 20px;" class="divider"></div></div>[vc_column_text]<strong>Kościół zalicza się do</strong> <a href="https://cityofmercy.lt/pl_PL/marsrutai/gailestingumo-kelias/">Szlaku Bożego Miłosierdzia</a> i <a href="https://cityofmercy.lt/pl_PL/marsrutai/dominikonai-vilniuje/">Szlaku Dominikańskiego w Wilnie.</a>[/vc_column_text]<div class="divider-wrap"><div style="height: 20px;" class="divider"></div></div>[vc_column_text]
<p style="text-align: justify;">W 1951 r. płótno Obrazu Jezusa Miłosiernego zostało przekazane z zamkniętego Kościoła św. Michała proboszczowi Kościoła Świętego Ducha w Wilnie, jednak obraz nie został wystawiony na publiczną cześć. W 1956 r. proboszcz parafii w Nowej Rudzie, znając historię pojawienia się Obrazu, przewiózł go do Kościoła w Nowej Rudzie niedaleko Grodna. Jednak po zamknięciu tej świątyni dzięki trosce kilku księży, Obraz został potajemnie zwrócony Kościołowi Świętego Ducha w 1986 r. Tu był czczony do 2005 r., do czasu kiedy został przeniesiony do znajdującego się obok uporządkowanego Kościoła p.w. Trójcy Przenajświętszej, któremu nadano tytuł Sanktuarium Miłosierdzia Bożego.</p>
<p style="text-align: justify;">Przypuszcza się, że pierwszy gotycki Kościół stał w tym miejscu już za czasów Wielkiego Księcia Litewskiego Giedymina, został jednak zburzony przez Krzyżaków. W 1408 r. Witold Wielki wzniósł nowy Kościół, który na początku XVI w., z inicjatywy Wielkiego Księcia Litewskiego i króla polskiego Aleksandra, został przekazany Zakonowi Dominikanów.</p>
<p style="text-align: justify;">W XVII w. Kościół zrekonstruowano po kilku pożarach i dzisiaj ma charakter późnego baroku. Wnętrze w stylu rokoko uznawane jest za jedno z najcenniejszych wnętrz Kościołów litewskich. Kościół słynie także z niemal w pełni oryginalnie zachowanych organów z XVIII w., szesnastu ołtarzy i podziemi, w których w ciągu stuleci chowano mieszkańców miasta, ofiary pomoru i innych epidemii, żołnierzy armii Napoleona. Po powstaniach w XIX w. w zamkniętym przez władze carskie klasztorze utworzono magistraty, mieszkania i więzienia, tajne instytucje działające na rzecz przemysłu wojennego.</p>
<p style="text-align: justify;">W 1993 r. św. Jan Paweł II podczas wizyty na Litwie modlił się w tym Kościele przy Obrazie Jezusa Miłosiernego i spotkał się z Litwinami pochodzenia polskiego oraz polskimi katolikami z Litwy (przy wejściu do Kościoła widnieje tablica upamiętniająca tę wizytę). W 2015 r. Arcybiskup Metropolita Krakowski kardynał Stanisław Dziwisz podarował parafii relikwie z krwią św. Jana Pawła II. Relikwiarz z niezmiernie cenną dla parafian relikwią został wkomponowany w ołtarz św. Jana Pawła II w prawej nawie Kościoła.</p>
[/vc_column_text][/vc_column_inner][vc_column_inner column_padding=&#8221;no-extra-padding&#8221; column_padding_position=&#8221;all&#8221; background_color_opacity=&#8221;1&#8243; background_hover_color_opacity=&#8221;1&#8243; column_shadow=&#8221;none&#8221; column_border_radius=&#8221;none&#8221; width=&#8221;1/2&#8243; column_border_width=&#8221;none&#8221; column_border_style=&#8221;solid&#8221;]<div class="iwithtext"><div class="iwt-icon"> <i class="icon-default-style icon-map-marker accent-color"></i> </div><div class="iwt-text"> <a href="https://www.google.com/maps/place/Dominikonų+g.+8,+Vilnius+01131/@54.6811651,25.2821212,17z/data=!3m1!4b1!4m5!3m4!1s0x46dd941415919451:0x448c9a831d457ba6!8m2!3d54.681162!4d25.2843099" target="_blank" rel="noopener">ul. Dominikonų 8, Wilno</a> </div><div class="clear"></div></div><div class="iwithtext"><div class="iwt-icon"> <i class="icon-default-style icon-time accent-color"></i> </div><div class="iwt-text"> <strong>Kościół czynny</strong><br />
I–V: 10.00–19.00<br />
VI: 9.00–17.00<br />
VII: 6.30–17.00 </div><div class="clear"></div></div><div class="iwithtext"><div class="iwt-icon"> <img decoding="async" src="https://cityofmercy.lt/wp-content/uploads/2017/12/taurinis.png" alt="" /> </div><div class="iwt-text"> <strong>Msza święta (j. polski)</strong><br />
I–V: 15.00, 18.00<br />
VI: 15.00<br />
VII: 8.00, 9.00 (dla dzieci), 10.30, 12.00 (dla młodzieży), 13.30, 18.00 </div><div class="clear"></div></div>[/vc_column_inner][/vc_row_inner][/vc_column][/vc_row][vc_row type=&#8221;in_container&#8221; full_screen_row_position=&#8221;middle&#8221; scene_position=&#8221;center&#8221; text_color=&#8221;dark&#8221; text_align=&#8221;left&#8221; overlay_strength=&#8221;0.3&#8243; shape_divider_position=&#8221;bottom&#8221;][vc_column column_padding=&#8221;no-extra-padding&#8221; column_padding_position=&#8221;all&#8221; background_color_opacity=&#8221;1&#8243; background_hover_color_opacity=&#8221;1&#8243; column_shadow=&#8221;none&#8221; column_border_radius=&#8221;none&#8221; width=&#8221;1/1&#8243; tablet_text_alignment=&#8221;default&#8221; phone_text_alignment=&#8221;default&#8221; column_border_width=&#8221;none&#8221; column_border_style=&#8221;solid&#8221;]<div class="divider-wrap"><div style="height: 200px;" class="divider"></div></div>[/vc_column][/vc_row]
