{"id":97,"date":"2017-11-30T15:51:35","date_gmt":"2017-11-30T15:51:35","guid":{"rendered":"http:\/\/cityofmercy.lt\/?page_id=97"},"modified":"2021-05-11T16:44:51","modified_gmt":"2021-05-11T13:44:51","slug":"bendruomeninis-integracijos-centras-kulturu-namai","status":"publish","type":"page","link":"https:\/\/cityofmercy.lt\/lt_LT\/susitikimai\/bendruomeninis-integracijos-centras-kulturu-namai\/","title":{"rendered":"VA Caritas U\u017esienie\u010di\u0173 integracijos programa"},"content":{"rendered":"[vc_row type=&#8221;in_container&#8221; full_screen_row_position=&#8221;middle&#8221; scene_position=&#8221;center&#8221; text_color=&#8221;dark&#8221; text_align=&#8221;left&#8221; overlay_strength=&#8221;0.3&#8243; shape_divider_position=&#8221;bottom&#8221;][vc_column centered_text=&#8221;true&#8221; column_padding=&#8221;no-extra-padding&#8221; column_padding_position=&#8221;all&#8221; background_color_opacity=&#8221;1&#8243; background_hover_color_opacity=&#8221;1&#8243; column_shadow=&#8221;none&#8221; column_border_radius=&#8221;none&#8221; width=&#8221;1\/1&#8243; tablet_text_alignment=&#8221;default&#8221; phone_text_alignment=&#8221;default&#8221; column_border_width=&#8221;none&#8221; column_border_style=&#8221;solid&#8221;][vc_column_text]\n<h4><strong>VA Caritas U\u017esienie\u010di\u0173 integracijos programa<\/strong><\/h4>\n[\/vc_column_text]<div class=\"divider-wrap\"><div style=\"margin-top: 25px; height: 1px; margin-bottom: 25px;\" data-width=\"100%\" data-animate=\"\" data-animation-delay=\"\" data-color=\"default\" class=\"divider-border\"><\/div><\/div>[\/vc_column][\/vc_row][vc_row type=&#8221;in_container&#8221; full_screen_row_position=&#8221;middle&#8221; scene_position=&#8221;center&#8221; text_color=&#8221;dark&#8221; text_align=&#8221;left&#8221; overlay_strength=&#8221;0.3&#8243; shape_divider_position=&#8221;bottom&#8221;][vc_column column_padding=&#8221;no-extra-padding&#8221; column_padding_position=&#8221;all&#8221; background_color_opacity=&#8221;1&#8243; background_hover_color_opacity=&#8221;1&#8243; column_shadow=&#8221;none&#8221; column_border_radius=&#8221;none&#8221; width=&#8221;1\/2&#8243; tablet_text_alignment=&#8221;default&#8221; phone_text_alignment=&#8221;default&#8221; column_border_width=&#8221;none&#8221; column_border_style=&#8221;solid&#8221;][vc_gallery type=&#8221;nectarslider_style&#8221; images=&#8221;1038,1039,1040,252&#8243; flexible_slider_height=&#8221;true&#8221; bullet_navigation_style=&#8221;see_through&#8221; onclick=&#8221;link_no&#8221;][vc_column_text]Pab\u0117g\u0117liams, prieglobs\u010dio pra\u0161ytojams ir tre\u010di\u0173j\u0173 \u0161ali\u0173 pilie\u010diams susitikti su vilnie\u010diais skirtas dienos centras.\u00a0U\u017esienie\u010diams, turintiems leidim\u0105 gyventi Lietuvoje, \u010dia nemokamai teikiama teisin\u0117, psichologin\u0117 pagalba, \u012fdarbinimo specialisto konsultacijos, angl\u0173 kalbos pamokos, vyksta renginiai ir edukacin\u0117s veiklos, organizuojamas vaik\u0173 u\u017eimtumas konsultacij\u0173 metu.<\/p>\n<p><strong>Savanoryst\u0117s galimyb\u0117s:<\/strong><\/p>\n<ul>\n<li>prisid\u0117ti prie dienos centre arba mieste vykstan\u010di\u0173 rengini\u0173 su pab\u0117g\u0117liais (pvz., suorganizuoti ir pa\u017eaisti kartu futbol\u0105, i\u0161kyl\u0105 parke, stalo \u017eaidimus, surengti moter\u0173 rankdarbi\u0173 ar kulinarijos popiet\u0119 m\u016bs\u0173 dienos centre, nueiti \u012f parod\u0105, koncert\u0105 ir pan.)<\/li>\n<li>pamokinti pab\u0117g\u0117lius angl\u0173 kalbos<\/li>\n<li>jei turi geb\u0117jim\u0173 ir yra pilnametis (arba su pilname\u010di\u0173 prie\u017ei\u016bra), pad\u0117ti u\u017eimti vaikus m\u016bs\u0173 dienos centre 1-2 val. (pilname\u010diai ar su pilname\u010di\u0173 prie\u017ei\u016bra)<\/li>\n<\/ul>\n[\/vc_column_text][\/vc_column][vc_column column_padding=&#8221;no-extra-padding&#8221; column_padding_position=&#8221;all&#8221; background_color_opacity=&#8221;1&#8243; background_hover_color_opacity=&#8221;1&#8243; column_shadow=&#8221;none&#8221; column_border_radius=&#8221;none&#8221; width=&#8221;1\/2&#8243; tablet_text_alignment=&#8221;default&#8221; phone_text_alignment=&#8221;default&#8221; column_border_width=&#8221;none&#8221; column_border_style=&#8221;solid&#8221;]<div class=\"iwithtext\"><div class=\"iwt-icon\"> <i class=\"icon-default-style icon-map-marker accent-color\"><\/i> <\/div><div class=\"iwt-text\"> <a href=\"https:\/\/www.google.lt\/maps\/place\/Kalvarij\u0173+g.+39,+Vilnius+09313\/@54.6968111,25.2798373,17z\/data=!3m1!4b1!4m5!3m4!1s0x46dd9403a62162ff:0xe481ddc4ab6c0b99!8m2!3d54.696808!4d25.282026\" target=\"_blank\" rel=\"noopener\">Kalvarij\u0173 g. 39 \/ Krokuvos g., Vilnius<\/a> <\/div><div class=\"clear\"><\/div><\/div><div class=\"iwithtext\"><div class=\"iwt-icon\"> <i class=\"icon-default-style icon-time accent-color\"><\/i> <\/div><div class=\"iwt-text\"> I\u2013V: 11.00\u201319.00 val. <\/div><div class=\"clear\"><\/div><\/div><div class=\"iwithtext\"><div class=\"iwt-icon\"> <i class=\"icon-default-style icon-envelope accent-color\"><\/i> <\/div><div class=\"iwt-text\"> kulturunamai@vilnius.caritas.lt <\/div><div class=\"clear\"><\/div><\/div><div class=\"iwithtext\"><div class=\"iwt-icon\"> <i class=\"icon-default-style icon-facebook accent-color\"><\/i> <\/div><div class=\"iwt-text\"> <a href=\"https:\/\/www.facebook.com\/uzsienieciu.integracijos.programa\/\" target=\"_blank\" rel=\"noopener\">U\u017esienie\u010di\u0173 integracijos programa<\/a> <\/div><div class=\"clear\"><\/div><\/div><div class=\"iwithtext\"><div class=\"iwt-icon\"> <i class=\"icon-default-style icon-phone accent-color\"><\/i> <\/div><div class=\"iwt-text\"> +370 673 24 225 <\/div><div class=\"clear\"><\/div><\/div>[\/vc_column][\/vc_row]\n","protected":false},"excerpt":{"rendered":"<p>[vc_row type=&#8221;in_container&#8221; full_screen_row_position=&#8221;middle&#8221; scene_position=&#8221;center&#8221; text_color=&#8221;dark&#8221; text_align=&#8221;left&#8221; overlay_strength=&#8221;0.3&#8243; shape_divider_position=&#8221;bottom&#8221;][vc_column centered_text=&#8221;true&#8221; column_padding=&#8221;no-extra-padding&#8221; column_&#8230;<\/p>\n","protected":false},"author":2,"featured_media":0,"parent":47,"menu_order":0,"comment_status":"closed","ping_status":"closed","template":"","meta":{"footnotes":""},"class_list":["post-97","page","type-page","status-publish","hentry"],"_links":{"self":[{"href":"https:\/\/cityofmercy.lt\/lt_LT\/wp-json\/wp\/v2\/pages\/97","targetHints":{"allow":["GET"]}}],"collection":[{"href":"https:\/\/cityofmercy.lt\/lt_LT\/wp-json\/wp\/v2\/pages"}],"about":[{"href":"https:\/\/cityofmercy.lt\/lt_LT\/wp-json\/wp\/v2\/types\/page"}],"author":[{"embeddable":true,"href":"https:\/\/cityofmercy.lt\/lt_LT\/wp-json\/wp\/v2\/users\/2"}],"replies":[{"embeddable":true,"href":"https:\/\/cityofmercy.lt\/lt_LT\/wp-json\/wp\/v2\/comments?post=97"}],"version-history":[{"count":40,"href":"https:\/\/cityofmercy.lt\/lt_LT\/wp-json\/wp\/v2\/pages\/97\/revisions"}],"predecessor-version":[{"id":6490,"href":"https:\/\/cityofmercy.lt\/lt_LT\/wp-json\/wp\/v2\/pages\/97\/revisions\/6490"}],"up":[{"embeddable":true,"href":"https:\/\/cityofmercy.lt\/lt_LT\/wp-json\/wp\/v2\/pages\/47"}],"wp:attachment":[{"href":"https:\/\/cityofmercy.lt\/lt_LT\/wp-json\/wp\/v2\/media?parent=97"}],"curies":[{"name":"wp","href":"https:\/\/api.w.org\/{rel}","templated":true}]}}

VA Caritas Užsieniečių integracijos programa

[vc_row type=&#8221;in_container&#8221; full_screen_row_position=&#8221;middle&#8221; scene_position=&#8221;center&#8221; text_color=&#8221;dark&#8221; text_align=&#8221;left&#8221; overlay_strength=&#8221;0.3&#8243; shape_divider_position=&#8221;bottom&#8221;][vc_column centered_text=&#8221;true&#8221; column_padding=&#8221;no-extra-padding&#8221; column_padding_position=&#8221;all&#8221; background_color_opacity=&#8221;1&#8243; background_hover_color_opacity=&#8221;1&#8243; column_shadow=&#8221;none&#8221; column_border_radius=&#8221;none&#8221; width=&#8221;1/1&#8243; tablet_text_alignment=&#8221;default&#8221; phone_text_alignment=&#8221;default&#8221; column_border_width=&#8221;none&#8221; column_border_style=&#8221;solid&#8221;][vc_column_text]
<h4><strong>VA Caritas Užsieniečių integracijos programa</strong></h4>
[/vc_column_text]<div class="divider-wrap"><div style="margin-top: 25px; height: 1px; margin-bottom: 25px;" data-width="100%" data-animate="" data-animation-delay="" data-color="default" class="divider-border"></div></div>[/vc_column][/vc_row][vc_row type=&#8221;in_container&#8221; full_screen_row_position=&#8221;middle&#8221; scene_position=&#8221;center&#8221; text_color=&#8221;dark&#8221; text_align=&#8221;left&#8221; overlay_strength=&#8221;0.3&#8243; shape_divider_position=&#8221;bottom&#8221;][vc_column column_padding=&#8221;no-extra-padding&#8221; column_padding_position=&#8221;all&#8221; background_color_opacity=&#8221;1&#8243; background_hover_color_opacity=&#8221;1&#8243; column_shadow=&#8221;none&#8221; column_border_radius=&#8221;none&#8221; width=&#8221;1/2&#8243; tablet_text_alignment=&#8221;default&#8221; phone_text_alignment=&#8221;default&#8221; column_border_width=&#8221;none&#8221; column_border_style=&#8221;solid&#8221;][vc_gallery type=&#8221;nectarslider_style&#8221; images=&#8221;1038,1039,1040,252&#8243; flexible_slider_height=&#8221;true&#8221; bullet_navigation_style=&#8221;see_through&#8221; onclick=&#8221;link_no&#8221;][vc_column_text]Pabėgėliams, prieglobsčio prašytojams ir trečiųjų šalių piliečiams susitikti su vilniečiais skirtas dienos centras. Užsieniečiams, turintiems leidimą gyventi Lietuvoje, čia nemokamai teikiama teisinė, psichologinė pagalba, įdarbinimo specialisto konsultacijos, anglų kalbos pamokos, vyksta renginiai ir edukacinės veiklos, organizuojamas vaikų užimtumas konsultacijų metu.</p>
<p><strong>Savanorystės galimybės:</strong></p>
<ul>
<li>prisidėti prie dienos centre arba mieste vykstančių renginių su pabėgėliais (pvz., suorganizuoti ir pažaisti kartu futbolą, iškylą parke, stalo žaidimus, surengti moterų rankdarbių ar kulinarijos popietę mūsų dienos centre, nueiti į parodą, koncertą ir pan.)</li>
<li>pamokinti pabėgėlius anglų kalbos</li>
<li>jei turi gebėjimų ir yra pilnametis (arba su pilnamečių priežiūra), padėti užimti vaikus mūsų dienos centre 1-2 val. (pilnamečiai ar su pilnamečių priežiūra)</li>
</ul>
[/vc_column_text][/vc_column][vc_column column_padding=&#8221;no-extra-padding&#8221; column_padding_position=&#8221;all&#8221; background_color_opacity=&#8221;1&#8243; background_hover_color_opacity=&#8221;1&#8243; column_shadow=&#8221;none&#8221; column_border_radius=&#8221;none&#8221; width=&#8221;1/2&#8243; tablet_text_alignment=&#8221;default&#8221; phone_text_alignment=&#8221;default&#8221; column_border_width=&#8221;none&#8221; column_border_style=&#8221;solid&#8221;]<div class="iwithtext"><div class="iwt-icon"> <i class="icon-default-style icon-map-marker accent-color"></i> </div><div class="iwt-text"> <a href="https://www.google.lt/maps/place/Kalvarijų+g.+39,+Vilnius+09313/@54.6968111,25.2798373,17z/data=!3m1!4b1!4m5!3m4!1s0x46dd9403a62162ff:0xe481ddc4ab6c0b99!8m2!3d54.696808!4d25.282026" target="_blank" rel="noopener">Kalvarijų g. 39 / Krokuvos g., Vilnius</a> </div><div class="clear"></div></div><div class="iwithtext"><div class="iwt-icon"> <i class="icon-default-style icon-time accent-color"></i> </div><div class="iwt-text"> I–V: 11.00–19.00 val. </div><div class="clear"></div></div><div class="iwithtext"><div class="iwt-icon"> <i class="icon-default-style icon-envelope accent-color"></i> </div><div class="iwt-text"> kulturunamai@vilnius.caritas.lt </div><div class="clear"></div></div><div class="iwithtext"><div class="iwt-icon"> <i class="icon-default-style icon-facebook accent-color"></i> </div><div class="iwt-text"> <a href="https://www.facebook.com/uzsienieciu.integracijos.programa/" target="_blank" rel="noopener">Užsieniečių integracijos programa</a> </div><div class="clear"></div></div><div class="iwithtext"><div class="iwt-icon"> <i class="icon-default-style icon-phone accent-color"></i> </div><div class="iwt-text"> +370 673 24 225 </div><div class="clear"></div></div>[/vc_column][/vc_row]
